
Does 16 divide 848?
True
Is 37 a factor of 185?
True
Is 9 a factor of 7461?
True
Does 13 divide 8528?
True
Does 49 divide 51883?
False
Does 9 divide 4329?
True
Is 16 a factor of 4088?
False
Is 25 a factor of 1689?
False
Does 69 divide 5451?
True
Is 550 a multiple of 5?
True
Is 23 a factor of 13271?
True
Is 652 a multiple of 23?
False
Is 10595 a multiple of 62?
False
Does 11 divide 594?
True
Is 47 a factor of 188?
True
Is 14 a factor of 53798?
False
Is 56 a factor of 30883?
False
Is 66 a factor of 11880?
True
Does 71 divide 19344?
False
Is 27 a factor of 8181?
True
Does 23 divide 759?
True
Does 67 divide 31640?
False
Is 549 even?
False
Is 1872 a multiple of 9?
True
Is 3870 a multiple of 109?
False
Is 596 a multiple of 6?
False
Is 18826 a multiple of 61?
False
Is 4214 a multiple of 14?
True
Does 14 divide 6197?
False
Does 82 divide 2384?
False
Does 3 divide 18376?
False
Does 20 divide 3480?
True
Is 1765 a multiple of 11?
False
Is 25 a factor of 1025?
True
Is 9152 a multiple of 16?
True
Does 16 divide 999?
False
Does 39 divide 2970?
False
Is 74001 a multiple of 17?
True
Does 71 divide 63536?
False
Does 149 divide 10281?
True
Is 63318 a multiple of 61?
True
Does 12 divide 64237?
False
Does 98 divide 29008?
True
Does 98 divide 1470?
True
Is 737 a multiple of 28?
False
Does 17 divide 137?
False
Does 8 divide 33496?
True
Does 4 divide 7990?
False
Is 48 a factor of 1488?
True
Is 44 a factor of 4312?
True
Is 1816 a multiple of 52?
False
Does 32 divide 11570?
False
Does 55 divide 2737?
False
Does 29 divide 2189?
False
Is 328 a multiple of 51?
False
Is 5030 a multiple of 10?
True
Is 13 a factor of 10322?
True
Is 13 a factor of 338?
True
Is 2940 a multiple of 30?
True
Is 4477 a multiple of 37?
True
Does 27 divide 1782?
True
Does 7 divide 2418?
False
Does 11 divide 275?
True
Is 17136 a multiple of 28?
True
Is 13 a factor of 2334?
False
Is 2513 a multiple of 6?
False
Does 4 divide 14052?
True
Does 22 divide 5456?
True
Does 47 divide 852?
False
Does 6 divide 2058?
True
Does 34 divide 1132?
False
Is 1172 a multiple of 14?
False
Does 46 divide 1043?
False
Is 6078 a multiple of 6?
True
Is 478 a multiple of 10?
False
Does 90 divide 4326?
False
Is 25298 a multiple of 13?
True
Is 63 a factor of 66029?
False
Is 26865 a multiple of 164?
False
Does 15 divide 959?
False
Is 346 a multiple of 11?
False
Does 9 divide 7798?
False
Does 46 divide 71?
False
Is 6900 a multiple of 75?
True
Is 565 a multiple of 48?
False
Does 78 divide 14040?
True
Is 5456 a multiple of 11?
True
Is 27805 a multiple of 83?
True
Is 8 a factor of 14448?
True
Is 2870 a multiple of 5?
True
Does 166 divide 37715?
False
Does 7 divide 14883?
False
Is 12 a factor of 3300?
True
Is 32 a multiple of 4?
True
Is 22 a factor of 726?
True
Is 4340 a multiple of 10?
True
Does 415 divide 30710?
True
Does 9 divide 3356?
False
Does 16 divide 4096?
True
Is 96264 a multiple of 14?
True
Is 704 even?
True
Is 134 a factor of 127300?
True
Does 12 divide 2088?
True
Is 5936 a multiple of 17?
False
Is 9 a factor of 851?
False
Is 15 a factor of 4903?
False
Is 1352 a multiple of 3?
False
Does 19 divide 2353?
False
Is 28 a factor of 5377?
False
Does 15 divide 105?
True
Is 6 a factor of 570?
True
Is 6216 a multiple of 20?
False
Is 12 a factor of 456?
True
Is 129 a multiple of 8?
False
Is 162 a multiple of 8?
False
Is 385 a multiple of 6?
False
Is 2565 a multiple of 15?
True
Does 18 divide 29580?
False
Is 3 a factor of 8905?
False
Does 13 divide 244?
False
Does 3 divide 2592?
True
Does 80 divide 160?
True
Is 42 a factor of 5751?
False
Does 23 divide 504?
False
Does 16 divide 311?
False
Does 3 divide 201?
True
Does 13 divide 572?
True
Is 216 a multiple of 9?
True
Is 1365 a multiple of 15?
True
Is 69978 a multiple of 107?
True
Does 26 divide 10556?
True
Does 26 divide 5916?
False
Is 39 a factor of 25233?
True
Is 41 a factor of 20972?
False
Is 15 a factor of 4547?
False
Does 53 divide 477?
True
Does 13 divide 1339?
True
Does 11 divide 1265?
True
Is 8 a factor of 448?
True
Does 14 divide 1428?
True
Is 361 a multiple of 19?
True
Does 111 divide 109039?
False
Is 31 a factor of 10385?
True
Is 11 a factor of 891?
True
Does 7 divide 70?
True
Is 124228 a multiple of 13?
True
Does 3 divide 57?
True
Is 25 a factor of 19025?
True
Is 60 a factor of 11040?
True
Is 54 a factor of 702?
True
Is 96822 a multiple of 22?
True
Is 26 a factor of 20534?
False
Does 30 divide 64020?
True
Is 1872 a multiple of 78?
True
Is 43 a factor of 473?
True
Is 382 a multiple of 3?
False
Is 12 a factor of 766?
False
Is 40 a factor of 440?
True
Is 12 a factor of 17964?
True
Is 9475 a multiple of 18?
False
Is 1384 a multiple of 95?
False
Is 28 a factor of 728?
True
Is 16 a factor of 29104?
True
Is 66 a multiple of 6?
True
Does 3 divide 24?
True
Is 32 a factor of 800?
True
Is 1074 even?
True
Is 7467 a multiple of 15?
False
Does 9 divide 2385?
True
Is 169 a factor of 10985?
True
Is 1702 a multiple of 71?
False
Does 38 divide 7068?
True
Is 29140 a multiple of 31?
True
Is 8 a factor of 8339?
False
Is 224 a multiple of 8?
True
Is 6 a factor of 495?
False
Is 11 a factor of 9174?
True
Is 10 a factor of 35?
False
Is 110 a factor of 23662?
False
Is 73727 a multiple of 24?
False
Is 316 a factor of 632?
True
Is 448 a multiple of 64?
True
Is 6392 a multiple of 4?
True
Does 8 divide 1215?
False
Is 515 a multiple of 103?
True
Is 92 a factor of 3956?
True
Is 4094 a multiple of 23?
True
Is 74 even?
True
Is 372 a multiple of 6?
True
Does 53 divide 53?
True
Does 21 divide 7639?
False
Does 78 divide 37670?
False
Is 1398 a multiple of 132?
False
Is 1924 a multiple of 37?
True
Is 2310 a multiple of 22?
True
Is 6572 a multiple of 10?
False
Is 97 a factor of 7989?
False
Does 24 divide 2712?
True
Is 124 a factor of 41664?
True
Does 16 divide 384?
True
Does 29 divide 8352?
True
Is 2400 a multiple of 23?
False
Is 180 a multiple of 20?
True
Is 11 a factor of 1600?
False
Is 5907 even?
False
Is 11536 a multiple of 56?
True
Does 32 divide 11500?
False
Is 39 a factor of 1833?
True
Is 162 a factor of 1397?
False
Is 6650 a multiple of 175?
True
Does 11 divide 11688?
False
Does 116 divide 5916?
True
Is 1110 a multiple of 16?
False
Is 3345 a multiple of 2?
False
Is 3002 a multiple of 14?
False
Does 17 divide 111?
False
Is 17781 a multiple of 11?
False
Is 12111 a multiple of 2?
False
Is 2 a factor of 829?
False
Is 14 a factor of 238?
True
Is 29 a factor of 1811?
False
Is 38 a factor of 862?
False
Does 25 divide 6921?
False
Is 7 a factor of 343?
True
Does 5 divide 385?
True
Is 50 a factor of 21000?
True
Is 5692 a multiple of 18?
False
Is 51237 a multiple of 14?
False
Is 4400 a multiple of 40?
True
Is 473 a multiple of 2?
False
Is 795 a multiple of 53?
True
Is 72 a factor of 6270?
False
Is 5301 a multiple of 9?
True
Is 3 a factor of 2350?
False
Is 97 a factor of 852?
False
Is 10 a factor of 1220?
True
Is 2374 a multiple of 11?
False
Is 14 a factor of 356?
False
Does 30 divide 5943?
False
Does 7 divide 1458?
False
Is 77 a factor of 86044?
False
Does 19 divide 46185?
False
Is 34 a factor of 884?
True
Is 19 a factor of 282?
False
Is 1463 a multiple of 77?
True
Does 105 divide 47040?
True
Is 864 a multiple of 3?
True
Does 69 divide 3657?
True
Is 61 a multiple of 3?
False
Is 23655 a multiple of 285?
True
Is 8 a factor of 5136?
True
Is 2332 a multiple of 73?
False
Is 406 a multiple of 7?
True
Is 11629 a multiple of 69?
False
Is 18 a factor of 1011?
False
Is 1680 a multiple of 60?
True
Does 33 divide 9669?
True
Does 34 divide 5727?
False
Is 2306 a multiple of 18?
False
Is 48 a factor of 2913?
False
Does 6 divide 272?
False
Does 68 divide 9225?
False
Does 19 divide 4579?
True
Does 21 divide 62538?
True
Is 62 a factor of 286?
False
Is 450 a multiple of 12?
False
Does 127 divide 61607?
False
Is 8 a factor of 48?
True
Is 52 a factor of 52884?
True
Is 6909 a multiple of 15?
False
Does 17 divide 2369?
False
Does 38 divide 9877?
False
Does 21 divide 8001?
True
Is 19518 a multiple of 8?
False
Is 749 a multiple of 15?
False
Is 11211 a multiple of 111?
True
Is 297 a multiple of 3?
True
Does 93 divide 6975?
True
Does 13 divide 598?
True
Is 5 a factor of 7533?
False
Does 18 divide 2002?
False
Is 23040 a multiple of 256?
True
Does 19 divide 6405?
False
Does 224 divide 5152?
True
Is 52 a factor of 468?
True
Is 3243 a mult